3920.
96
What is the highest common factor of 812520 and 9?
9
What is the highest common divisor of 136090 and 20194?
878
Calculate the greatest common factor of 84671 and 3357.
373
Calculate the highest common divisor of 7119060 and 39.
39
What is the highest common factor of 47529 and 144?
9
Calculate the highest common divisor of 440274 and 6.
6
Calculate the highest common factor of 133 and 32224.
19
What is the greatest common divisor of 78 and 11050?
26
What is the highest common divisor of 76 and 31730?
38
What is the greatest common factor of 2182 and 908?
2
What is the greatest common factor of 4182 and 731?
17
What is the greatest common divisor of 2455 and 445?
5
What is the highest common divisor of 57 and 103569?
57
What is the greatest common divisor of 115 and 27947645?
115
What is the greatest common factor of 67405 and 240584?
1037
Calculate the greatest common divisor of 4322 and 18.
2
Calculate the greatest common factor of 1711 and 1131.
29
Calculate the highest common divisor of 18744 and 528.
264
What is the highest common divisor of 1919394 and 1566?
522
What is the greatest common factor of 2576 and 7958?
46
Calculate the highest common divisor of 2266 and 352.
22
Calculate the highest common factor of 459 and 157743.
153
What is the greatest common factor of 13348 and 44?
4
Calculate the highest common factor of 198063 and 708.
177
What is the greatest common factor of 101478 and 78?
78
What is the greatest common factor of 60832 and 60?
4
Calculate the highest common divisor of 712968 and 11224.
488
What is the highest common divisor of 20337776 and 16?
16
What is the greatest common factor of 175 and 176610?
35
What is the highest common factor of 120 and 32800?
40
Calculate the highest common factor of 2952 and 266418.
738
Calculate the highest common divisor of 5400 and 36585.
135
Calculate the highest common divisor of 760 and 26258.
38
Calculate the greatest common divisor of 20304 and 23112.
216
What is the highest common divisor of 6758921 and 26?
13
Calculate the greatest common divisor of 657 and 27375.
219
What is the highest common factor of 288 and 28192?
32
Calculate the highest common divisor of 468 and 3756.
12
Calculate the greatest common factor of 2608 and 304484.
652
Calculate the highest common divisor of 8 and 881208.
8
Calculate the highest common factor of 2843335 and 17.
17
Calculate the highest common factor of 585 and 60.
15
Calculate the greatest common divisor of 481814 and 1258.
1258
What is the highest common factor of 45612 and 37548?
252
What is the greatest common factor of 296 and 655492?
148
Calculate the greatest common factor of 236 and 1449925.
59
What is the greatest common divisor of 7056 and 166824?
504
What is the highest common divisor of 5617 and 4932?
137
What is the greatest common factor of 59590 and 354?
118
What is the highest common factor of 199123 and 2941?
173
Calculate the highest common divisor of 176523 and 174.
87
Calculate the greatest common divisor of 545399 and 1031.
1031
What is the highest common factor of 2129 and 10349069?
2129
Calculate the greatest common factor of 3364 and 464.
116
Calculate the greatest common factor of 28696 and 91996.
844
What is the greatest common factor of 2548 and 138866?
1274
Calculate the highest common divisor of 6118 and 3401.
19
Calculate the highest common factor of 397020 and 780.
780
Calculate the highest common divisor of 184 and 49036.
92
Calculate the greatest common factor of 27264 and 9024.
192
What is the greatest common divisor of 110 and 22825?
55
What is the highest common factor of 178063 and 51127?
1763
Calculate the greatest common divisor of 118990 and 223310.
1630
Calculate the highest common divisor of 254 and 82804.
254
What is the greatest common factor of 428584 and 40?
8
Calculate the highest common divisor of 17063 and 1057.
151
Calculate the greatest common divisor of 380238 and 1905.
381
What is the highest common factor of 3366 and 16434?
198
What is the greatest common divisor of 1750 and 63?
7
What is the greatest common divisor of 5145 and 1981560?
735
Calculate the greatest common factor of 2990 and 112645.
65
What is the greatest common divisor of 1396 and 49558?
698
Calculate the greatest common factor of 6001 and 9197.
17
What is the highest common divisor of 12030 and 150?
30
What is the highest common divisor of 48 and 475368?
24
Calculate the greatest common factor of 182 and 229880.
14
What is the highest common factor of 3 and 177840?
3
What is the greatest common factor of 41978 and 1390?
278
Calculate the highest common divisor of 118105 and 715.
65
What is the greatest common divisor of 205551 and 23?
23
Calculate the greatest common factor of 20064 and 5832.
24
What is the highest common divisor of 6104 and 271192?
872
Calculate the greatest common divisor of 697 and 3604.
17
Calculate the greatest common factor of 3071510 and 260.
130
What is the greatest common divisor of 297 and 54747?
99
What is the highest common factor of 6457065 and 3555?
1185
What is the highest common factor of 67914 and 44?
22
Calculate the highest common factor of 9 and 7296.
3
What is the highest common divisor of 20900 and 41325?
475
What is the highest common divisor of 56964 and 61476?
564
What is the greatest common factor of 232587 and 43873?
601
Calculate the highest common divisor of 5235 and 11168.
349
Calculate the highest common divisor of 1462 and 2941.
17
Calculate the highest common divisor of 4438 and 42.
14
Calculate the highest common divisor of 48 and 1859976.
24
Calculate the highest common factor of 12349 and 1864.
233
Calculate the highest common factor of 1820 and 37940.
140
What is the greatest common factor of 61273 and 142?
71
Calculate the greatest common divisor of 4 and 5613.
1
Calculate the highest common factor of 1189 and 1247.
29
Calculate the greatest common divisor of 5125 and 4.
1
Calculate the highest common divisor of 26978 and 2009.
287
Calculate the greatest common divisor of 421620 and 2460.
60
What is the highest common divisor of 176 and 242384?
16
What is the greatest common factor of 273 and 6785506?
91
What is the highest common factor of 50 and 129095?
5
Calculate the highest common divisor of 484 and 181984.
484
Calculate the greatest common factor of 1182 and 17163231.
591
What is the greatest common factor of 66 and 24926?
22
What is the highest common divisor of 242 and 5522?
22
Calculate the highest common factor of 23697 and 144.
9
What is the highest common factor of 91 and 938?
7
What is the highest common divisor of 2728 and 152?
8
What is the greatest common factor of 5178 and 1830?
6
What is the greatest common divisor of 54 and 134754?
6
What is the highest common divisor of 371867 and 203?
29
What is the highest common divisor of 335360 and 16?
16
Calculate the highest common divisor of 32597 and 37.
37
What is the greatest common divisor of 7508040 and 2280?
2280
Calculate the greatest common factor of 321 and 87.
3
What is the greatest common factor of 102585 and 945?
105
Calculate the greatest common divisor of 14912 and 14679.
233
Calculate the greatest common divisor of 172442 and 7248.
302
Calculate the greatest common factor of 1785 and 2115.
15
What is the greatest common factor of 1170 and 127998?
234
Calculate the greatest common factor of 2496 and 25233.
39
Calculate the greatest common divisor of 976243 and 3846.
641
Calculate the greatest common factor of 960 and 732.
12
Calculate the greatest common factor of 3267 and 4851.
99
What is the highest common factor of 36621 and 2379?
39
What is the highest common factor of 28144 and 176?
16
What is the greatest common divisor of 15049 and 12827?
101
Calculate the greatest common factor of 219 and 96141.
219
Calculate the highest common divisor of 17917 and 3772.
943
Calculate the greatest common factor of 2408 and 136654.
602
Calculate the greatest common factor of 1533 and 438.
219
Calculate the greatest common divisor of 1050 and 119.
7
What is the greatest common divisor of 141800 and 7800?
200
Calculate the greatest common factor of 1339 and 5629.
13
Calculate the highest common divisor of 35144 and 191.
191
Calculate the greatest common divisor of 605892 and 63.
21
Calculate th